alse
Is 152013 composite?
True
Is 483665023 a prime number?
False
Is 1174843 a prime number?
False
Is 3948443 a prime number?
False
Is 32837017 prime?
True
Is 99696629 a composite number?
True
Is 2307553 composite?
False
Is 39287993 a prime number?
True
Is 3582589 a prime number?
False
Is 13431849 a prime number?
False
Is 140600197 prime?
False
Is 68883691 a prime number?
True
Is 266268289 a composite number?
True
Is 283249 a prime number?
False
Is 29421097 prime?
True
Is 1363774511 a composite number?
True
Is 118835 composite?
True
Is 33277821 composite?
True
Is 175591135 composite?
True
Is 8425331 a prime number?
True
Is 121951363 a prime number?
True
Is 80058683 composite?
False
Is 2446319 a prime number?
True
Is 67029229 prime?
True
Is 3517991 composite?
False
Is 535291567 a prime number?
True
Is 15630221 prime?
False
Is 98379751 prime?
True
Is 1887409 a composite number?
False
Is 32199451 composite?
True
Is 52390091 composite?
True
Is 12304549 prime?
False
Is 67456433 composite?
True
Is 3138767 a prime number?
True
Is 6400813 a composite number?
False
Is 3988367 prime?
False
Is 106946947 a composite number?
False
Is 301937927 a composite number?
False
Is 224514074 prime?
False
Is 50433221 a prime number?
True
Is 8970319 a prime number?
True
Is 677669 a composite number?
True
Is 32114903 a composite number?
False
Is 1855379 a prime number?
False
Is 27330059 prime?
False
Is 872783 a composite number?
True
Is 348231399 prime?
False
Is 103559537 a prime number?
False
Is 46869013 prime?
False
Is 31821151 a composite number?
False
Is 1070962 prime?
False
Is 157131815 a composite number?
True
Is 296653 a composite number?
True
Is 23404211 composite?
False
Is 4763557 a prime number?
True
Is 300054427 prime?
False
Is 329590633 composite?
True
Is 18319141 a prime number?
True
Is 18653611 composite?
True
Is 926867 composite?
False
Is 267721439 composite?
False
Is 803477 composite?
True
Is 82843249 prime?
False
Is 2999951 a prime number?
True
Is 47254051 prime?
False
Is 4201385 a prime number?
False
Is 515159 composite?
True
Is 4237897 composite?
True
Is 2330378351 prime?
False
Is 106899395 prime?
False
Is 347461297 prime?
True
Is 35036501 a composite number?
True
Is 122842231 a prime number?
False
Is 7011283 composite?
False
Is 410650391 a composite number?
True
Is 96602729 a prime number?
False
Is 3277279 a composite number?
False
Is 60781453 composite?
False
Is 156492989 composite?
True
Is 75369881 prime?
True
Is 3270569 prime?
True
Is 2397349 a prime number?
False
Is 1113451 a composite number?
False
Is 926153 prime?
True
Is 655807 a composite number?
False
Is 8702033 a composite number?
True
Is 15336137 composite?
True
Is 9908257 a prime number?
True
Is 33417743 composite?
False
Is 151156183 prime?
False
Is 113185663 a prime number?
True
Is 69181085 a prime number?
False
Is 70680661 composite?
True
Is 2735333 a prime number?
False
Is 82119071 a composite number?
False
Is 2888987 prime?
False
Is 210953377 composite?
False
Is 225709309 a prime number?
False
Is 15318571 composite?
False
Is 20377543 a composite number?
True
Is 9837109 composite?
False
Is 1205293117 a composite number?
True
Is 17866831 a composite number?
False
Is 22638851 prime?
False
Is 441271087 a prime number?
True
Is 1802989 prime?
True
Is 26540317 prime?
True
Is 21551 composite?
True
Is 4323679 composite?
False
Is 145531427 a prime number?
False
Is 17335601 a prime number?
True
Is 2487907 a composite number?
False
Is 162721207 a composite number?
True
Is 111803 a prime number?
False
Is 27601727 a prime number?
False
Is 470959231 composite?
False
Is 371200061 a prime number?
False
Is 94900798 prime?
False
Is 452242337 a composite number?
False
Is 575387 a composite number?
True
Is 14685091 a prime number?
True
Is 6124121 a prime number?
True
Is 55055674 a prime number?
False
Is 996622239 a prime number?
False
Is 4687051 prime?
True
Is 40618999 a prime number?
True
Is 87722659 prime?
True
Is 2877043 composite?
True
Is 116405813 prime?
True
Is 6858263 a composite number?
False
Is 2489659 composite?
False
Is 24301853 a composite number?
False
Is 7572641 composite?
False
Is 2413435 a composite number?
True
Is 1145167 prime?
False
Is 2201729 a prime number?
False
Is 4351187 a composite number?
False
Is 297193861 prime?
True
Is 13642787 a composite number?
False
Is 173735395 prime?
False
Is 2817127 prime?
True
Is 15087179 composite?
False
Is 40288517 a prime number?
False
Is 3106933 composite?
True
Is 374541 composite?
True
Is 182773 prime?
True
Is 8210723 composite?
False
Is 2755807 prime?
False
Is 13358903 prime?
False
Is 215903027 composite?
True
Is 8311111 a prime number?
True
Is 288771559 a prime number?
True
Is 42254889 a prime number?
False
Is 5330599 a composite number?
True
Is 3145405 a composite number?
True
Is 1862911 a prime number?
False
Is 24328579 a prime number?
False
Is 1968079 composite?
False
Is 21637653 composite?
True
Is 2300413 composite?
False
Is 471349 a prime number?
False
Is 15316589 a prime number?
False
Is 4092947 prime?
True
Is 13726061 prime?
True
Is 1489949 prime?
False
Is 3901943 a prime number?
True
Is 1867109 prime?
True
Is 96097 a composite number?
False
Is 174427301 a composite number?
False
Is 179414971 a prime number?
True
Is 54118907 a composite number?
False
Is 2257337711 a prime number?
True
Is 12616729 composite?
True
Is 42135091 a composite number?
True
Is 3544679 prime?
False
Is 1946243 prime?
False
Is 21428051 a composite number?
False
Is 22256093 composite?
True
Is 81900913 a prime number?
False
Is 22172597 prime?
False
Is 1924198 a prime number?
False
Is 162989 a prime number?
True
Is 9775091 composite?
False
Is 2889961 prime?
False
Is 502503571 composite?
True
Is 173365363 a prime number?
True
Is 1344271 composite?
False
Is 18351257 composite?
False
Is 70451783 a prime number?
False
Is 3121949 prime?
False
Is 124181689 composite?
True
Is 18494491 a composite number?
True
Is 164173 a prime number?
True
Is 6115673 a prime number?
False
Is 1097599 a composite number?
False
Is 1318202 a composite number?
True
Is 16889221 a composite number?
False
Is 82079509 composite?
False
Is 678809 a composite number?
False
Is 787209947 a composite number?
False
Is 78929567 composite?
True
Is 144061 composite?
False
Is 32224201 a composite number?
False
Is 1445657 a composite number?
False
Is 500765999 a prime number?
True
Is 11264051 a composite number?
False
Is 5129339 a prime number?
True
Is 107522949 prime?
False
Is 66997103 a prime number?
True
Is 12701209 prime?
True
Is 1736857 a composite number?
True
Is 2067077 a prime number?
False
Is 27702863 composite?
False
Is 10227431 a prime number?
True
Is 1036153 composite?
False
Is 284070013 prime?
True
Is 581387 prime?
False
Is 5942947 a composite number?
True
Is 7797193 a prime number?
False
Is 8425633 composite?
True
Is 310955 composite?
True
Is 3785933 prime?
False
Is 61552823 a prime number?
False
Is 16667527 prime?
True
Is 45640307 a composite number?
False
Is 954671 a prime number?
True
Is 7607729 a composite number?
False
Is 556314401 prime?
False
Is 667461499 a prime number?
True
Is 1679627 a composite number?
False
Is 341008111 a composite number?
True
Is 4392259 a prime number?
True
Is 679207 a prime number?
True
Is 1832305 a composite number?
True
Is 554591181 composite?
True
Is 123506221 prime?
False
Is 391389917 a composite number?
True
Is 1256491 a prime number?
False
Is 992557 prime?
False
Is 496423 composite?
True
Is 3951931 prime?
False
Is 64366901 prime?
False
Is 23640871 composite?
False
Is 167300371 a prime number?
False
Is 21077447 a prime number?
True
Is 96195241 composite?
False
Is 1122721 prime?
True
Is 59066587 composite?
False
Is 6685879 a composite number?
True
Is 1890913 composite?
False
Is 555345463 prime?
True
Is 12604603 composite?
True
Is 8778253 prime?
False
Is 35619073 a composite number?
True
Is 47578571 prime?
True
Is 15907499 composite?
False
Is 114810533 prime?
True
Is 1241243 prime?
True
Is 70968067 composite?
False
Is 428034277 a prime number?
False
Is 7431689 a composite number?
False
Is 6357397 composite?
False
Is 45822935 a prime number?
False
Is 607471 prime?
True
Is 346351521 a composite number?
True
Is 1982623 a prime number?
False
Is 4612141 prime?
Fals